787627 a multiple of 53?
False
Does 32 divide 2398656?
True
Is 329 a factor of 36472940?
True
Is 9 a factor of 15262488?
True
Is 27 a factor of 251176923?
True
Is 1900213952 a multiple of 32?
True
Is 18007310 a multiple of 10?
True
Is 899508792 a multiple of 3192?
True
Does 44 divide 6918604?
True
Is 8941524 a multiple of 318?
True
Is 43957925 a multiple of 2?
False
Is 1848 a factor of 42662928?
True
Is 6213 a factor of 2794060656?
True
Is 5546241 a multiple of 18?
False
Is 382974580 a multiple of 10?
True
Is 138144889 a multiple of 310?
False
Is 221 a factor of 34489260?
True
Is 26081101 a multiple of 137?
True
Is 516225892 a multiple of 707?
False
Is 26 a factor of 1088290010?
False
Does 8 divide 59142938?
False
Is 9 a factor of 1067500107?
True
Does 24 divide 128738291?
False
Is 265063428 a multiple of 1434?
True
Is 1379821000 a multiple of 500?
True
Does 489 divide 28524837?
True
Does 12 divide 1869660?
True
Is 269 a factor of 1458726744?
True
Is 196 a factor of 767667501?
False
Is 80 a factor of 445121?
False
Is 2112343296 a multiple of 986?
True
Is 35853748 a multiple of 238?
True
Is 108925020 a multiple of 1161?
True
Is 5376945 a multiple of 234?
False
Is 6 a factor of 2589740?
False
Is 10 a factor of 40489370?
True
Does 21 divide 36180816?
True
Is 9 a factor of 145111311?
True
Does 3339 divide 342638163?
True
Is 1791847 a multiple of 8?
False
Does 172 divide 121016792?
True
Does 1473 divide 330208613?
False
Is 64274338 a multiple of 37?
False
Is 2009308880 a multiple of 30?
False
Is 42134316 a multiple of 1572?
True
Is 69 a factor of 108734580?
False
Does 6 divide 7381093?
False
Does 6 divide 68680659?
False
Does 992 divide 59757430?
False
Does 454 divide 305080782?
False
Is 61 a factor of 50490859?
True
Is 2374 a factor of 388995145?
False
Does 317 divide 1855084?
True
Does 1161 divide 1529921682?
True
Does 220 divide 6858056?
False
Is 256 a factor of 972859940?
False
Is 17 a factor of 40654123?
True
Does 1862 divide 872998700?
True
Is 40586392 a multiple of 28?
True
Does 75 divide 23158125?
True
Does 5 divide 48068860?
True
Is 4111011 a multiple of 1653?
True
Is 4021141109 a multiple of 7190?
False
Is 57 a factor of 244146838?
False
Is 3863 a factor of 310206626?
True
Is 9349262 even?
True
Is 9638648 a multiple of 21?
False
Is 288235240 a multiple of 5?
True
Does 40 divide 53654441?
False
Is 53351538 a multiple of 108?
False
Does 10 divide 11817264?
False
Is 26 a factor of 219623508?
True
Does 163 divide 186509327?
True
Does 201 divide 24781331?
False
Is 1117 a factor of 13239801?
True
Is 152085656 a multiple of 20?
False
Is 1446 a factor of 68786220?
True
Is 18 a factor of 9332531?
False
Does 188 divide 245513524?
True
Does 28 divide 655485906?
False
Does 215 divide 296706215?
False
Is 1593 a factor of 593327187?
True
Does 1649 divide 74964575?
False
Is 1009 a factor of 411477357?
False
Is 651288182 a multiple of 72?
False
Is 40 a factor of 90929102?
False
Is 8 a factor of 207157008?
True
Is 96675003 a multiple of 876?
False
Is 114 a factor of 610295922?
True
Is 38080249 a multiple of 20?
False
Does 151 divide 39294881?
True
Is 8 a factor of 50247960?
True
Is 71 a factor of 1399170943?
True
Does 19 divide 12564092?
True
Is 5969 a factor of 163915451?
False
Is 308 a factor of 950869553?
False
Is 18 a factor of 22544244?
True
Is 369223200 a multiple of 240?
True
Is 13 a factor of 1265372?
False
Is 3 a factor of 870742?
False
Is 14325619 a multiple of 7?
True
Is 344309490 a multiple of 105?
True
Does 792 divide 127950150?
False
Is 215 a factor of 648877955?
True
Does 1031 divide 42391627?
True
Is 396047896 a multiple of 15?
False
Is 7570778 a multiple of 514?
False
Is 209 a factor of 2022149987?
False
Is 174 a factor of 5464513?
False
Does 16 divide 41382880?
True
Is 28 a factor of 25731488?
False
Is 1011088 a multiple of 41?
False
Is 38548785 a multiple of 67?
True
Does 24 divide 176357182?
False
Does 167 divide 16112771?
False
Does 195 divide 16994437?
False
Is 475 a factor of 657266525?
True
Is 2 a factor of 594503564?
True
Does 80 divide 2257101?
False
Is 219 a factor of 26700828?
False
Is 583716901 a multiple of 22?
False
Is 224 a factor of 1916226368?
True
Is 15418378 a multiple of 500?
False
Does 2152 divide 33671205?
False
Does 21 divide 385597379?
False
Is 593136601 a multiple of 293?
True
Is 232 a factor of 350982975?
False
Is 4 a factor of 2335803946?
False
Does 576 divide 3750912?
True
Is 3 a factor of 35417706?
True
Does 645 divide 76270605?
True
Is 110 a factor of 1094122796?
False
Does 1009 divide 788418474?
True
Does 66 divide 7339266?
True
Is 847832613 a multiple of 412?
False
Is 19923273 a multiple of 27?
True
Is 59770089 a multiple of 5?
False
Is 58350212 a multiple of 448?
False
Does 50 divide 143056718?
False
Is 79108191 a multiple of 1951?
False
Does 17 divide 232308111?
True
Is 108 a factor of 34075971?
False
Does 85 divide 1144448606?
False
Does 445 divide 317725837?
False
Does 13 divide 27510951?
True
Does 27 divide 7235832?
False
Does 73 divide 369930939?
False
Is 656762674 a multiple of 3903?
False
Is 541 a factor of 151490921?
False
Does 186 divide 187944444?
True
Is 236453427 a multiple of 3?
True
Is 7186341965 a multiple of 502?
False
Does 888 divide 77476511?
False
Is 53131048 a multiple of 35?
False
Is 1013352895 a multiple of 469?
False
Does 84 divide 27029772?
True
Is 117931983 a multiple of 78?
False
Is 4201 a factor of 658166469?
True
Does 14 divide 319647939?
False
Is 9 a factor of 421145793?
True
Is 10748444 a multiple of 116?
True
Is 30899297 a multiple of 143?
True
Is 200479877 a multiple of 13?
True
Is 11 a factor of 847921?
False
Is 89 a factor of 299618055?
True
Does 2584 divide 210642512?
True
Does 47 divide 1229385627?
True
Is 9850149 a multiple of 114?
False
Is 38 a factor of 583034?
True
Is 77505952 a multiple of 496?
True
Does 6364 divide 1067350988?
True
Is 151 a factor of 51514405?
True
Does 8718 divide 1858491233?
False
Does 3441 divide 470732532?
False
Is 12 a factor of 2399352?
True
Does 4 divide 60821092?
True
Does 1097 divide 427695069?
True
Does 2031 divide 32652942?
False
Is 26627695 a multiple of 69?
False
Does 1383 divide 185392533?
True
Is 48 a factor of 158998120?
False
Is 648743477 a multiple of 163?
False
Is 668718230 a multiple of 10?
True
Does 438 divide 1501774104?
True
Is 89 a factor of 361713563?
False
Is 266403991 a multiple of 54?
False
Does 15 divide 945851969?
False
Does 90 divide 96474881?
False
Is 74866545 a multiple of 1131?
True
Does 91 divide 624745714?
False
Is 324574833 a multiple of 7?
False
Is 1232442 a multiple of 37?
False
Is 256 a factor of 98848265?
False
Is 88279249 a multiple of 24?
False
Is 25623864 a multiple of 3?
True
Does 52 divide 5169442679?
False
Is 357138867 a multiple of 15?
False
Is 206 a factor of 440350629?
False
Is 571 a factor of 21022656?
False
Is 379 a factor of 1028082222?
True
Is 106386137 even?
False
Does 18 divide 25470727?
False
Is 416212758 a multiple of 62?
True
Does 1157 divide 566415135?
True
Is 172818450 a multiple of 2490?
True
Is 8720238 a multiple of 6?
True
Is 823235094 a multiple of 18?
True
Is 8 a factor of 289893736?
True
Is 514 a factor of 13902766?
False
Does 1840 divide 109901360?
True
Is 361 a factor of 3013604452?
False
Is 52 a factor of 444115204?
True
Does 142 divide 65676136?
True
Does 1963 divide 1139217235?
True
Is 35 a factor of 2136988101?
False
Is 143442040 a multiple of 28?
True
Does 548 divide 41284676?
True
Is 52 a factor of 7283900?
True
Does 5 divide 1360869?
False
Does 142 divide 74140053?
False
Does 39 divide 9270066?
True
Is 671256960 a multiple of 880?
True
Is 28 a factor of 23438744?
True
Is 157 a factor of 1208987621?
False
Is 46 a factor of 9425225?
False
Does 44 divide 36843786?
False
Is 1682029 a multiple of 294?
False
Is 10480094 a multiple of 63?
False
Is 191812860 a multiple of 51?
False
Does 133 divide 722279265?
False
Is 101544749 a multiple of 36?
False
Does 215 divide 1768256821?
False
Is 38710079 a multiple of 106?
False
Does 51 divide 79622718?
False
Is 47097408 a multiple of 48?
True
Is 5790820 a multiple of 70?
True
Is 22 a factor of 7065118?
False
Does 473 divide 262159777?
True
Is 4710 a factor of 818122290?
True
Is 34845312 a multiple of 48?
True
Is 86 a factor of 6179510